{"id":2441,"date":"2015-09-30T12:39:56","date_gmt":"2015-09-30T17:39:56","guid":{"rendered":"http:\/\/www.corregidora.gob.mx\/portal\/?page_id=2441"},"modified":"2024-02-07T08:48:35","modified_gmt":"2024-02-07T14:48:35","slug":"a-donde-ir","status":"publish","type":"page","link":"https:\/\/corregidora.gob.mx\/portal\/turismo\/a-donde-ir\/","title":{"rendered":"Fiestas y tradiciones"},"content":{"rendered":"<p>[vc_row][vc_column][vc_column_text]<\/p>\n<h5 style=\"text-align: center;\">Fiestas y tradiciones<\/h5>\n<p>[\/vc_column_text][\/vc_column][\/vc_row][vc_row css=&#8221;.vc_custom_1447129137381{padding-bottom: 40px !important;}&#8221;][vc_column width=&#8221;1\/3&#8243;][vc_column_text css=&#8221;.vc_custom_1451333573339{padding-top: 33px !important;}&#8221;]<\/p>\n<p style=\"text-align: right;\"><em>Por Dulce Mar\u00eda Ard\u00f3n, Cronista Municipal<\/em><\/p>\n<p>[\/vc_column_text][vc_single_image image=&#8221;3362&#8243; img_size=&#8221;300&#215;240&#8243; alignment=&#8221;right&#8221; style=&#8221;vc_box_shadow_border&#8221; css=&#8221;.vc_custom_1707317320322{padding-top: 40px !important;}&#8221;][vc_single_image image=&#8221;3214&#8243; img_size=&#8221;300&#215;240&#8243; alignment=&#8221;right&#8221; style=&#8221;vc_box_shadow_border&#8221; css=&#8221;.vc_custom_1451331582790{padding-top: 40px !important;}&#8221;][vc_single_image image=&#8221;3215&#8243; img_size=&#8221;300&#215;220&#8243; alignment=&#8221;right&#8221; style=&#8221;vc_box_shadow_border&#8221; css=&#8221;.vc_custom_1451331719952{padding-top: 40px !important;}&#8221;][\/vc_column][vc_column width=&#8221;2\/3&#8243;][vc_column_text]<\/p>\n<p style=\"text-align: justify;\"><strong>Tradiciones<\/strong><\/p>\n<p style=\"text-align: justify;\">El Pueblito se viste de gala para festejar a su Patrona, iniciando con las Fiestas Tradicionales de Febrero, que tienen por objeto conmemorar el aniversario de la bendici\u00f3n de El Santuario, el 5 de febrero de 1736, dentro de \u00e9ste novenario de los eventos m\u00e1s importantes son: la Bendici\u00f3n y Paseo del Buey, el primer domingo, el ofrecimiento del Caldo por la mayordom\u00eda, la bendici\u00f3n de la \u201cParande y la Colaci\u00f3n\u201d, la Batalla y Muerte del Moro y del Soldado. Respectivamente, la entada de las Ceras y todas las tardes, adem\u00e1s de hermosos bailables que nos regalan tanto la Corporaci\u00f3n de las Inditas como los Ni\u00f1os de las Danzas de las Promesas.<\/p>\n<p style=\"text-align: justify;\">Los festejos contin\u00faan con la elecci\u00f3n de Nueva Mayordom\u00eda durante el mes de marzo.<\/p>\n<p style=\"text-align: justify;\">En semana Santa se festeja al Divino Salvador, corporaci\u00f3n de la Parroquia de San Francisco Galileo. Quienes entre otros eventos llevan a cabo el encuentro de las Im\u00e1genes veneradas en los alrededores, como son el Sr. Santiago, el Sr. De la Sabanilla y San Isidro Labrador. Al finalizar la semana santa se realiza la quema de judas.<\/p>\n<p style=\"text-align: justify;\">Entre Abril y Junio la Sma. Virgen realiza dos visitas a Santiago de Qro, con motivo de la Fiesta Lit\u00fargica y la del Buen Temporal, festejos en los que participan con gran alegr\u00eda y devoci\u00f3n tanto sus fieles de Corregidora, como de la Di\u00f3cesis y la Provincia Franciscana de San Pedro y San Pablo, de las cuales es Patrona.<\/p>\n<p style=\"text-align: justify;\">En Octubre se celebra el aniversario de la Coronaci\u00f3n de la Virgen de El Pueblito y el aniversario de la bendici\u00f3n del santuario de Schoenstatt.<\/p>\n<p style=\"text-align: justify;\">Cabe se\u00f1alar que en la cabecera municipal y en las comunidades se celebran igualmente las diferentes fiestas en honor de sus Santos Patronos, como en San Jos\u00e9 de los Olvera, Santa B\u00e1rbara, Lourdes, Los \u00c1ngeles, entre muchos otras.<\/p>\n<p style=\"text-align: justify;\"><strong> Festividades:<\/strong><\/p>\n<p style=\"padding-left: 30px; text-align: justify;\"><em>\u2022 Fiestas de Febrero o Fiesta Grande<\/em>, por el aniversario de la bendici\u00f3n del Santuario, Atrio del mismo y calles del Centro de El Pueblito.<\/p>\n<p style=\"padding-left: 30px; text-align: justify;\"><em>\u2022 Equinoccio de primavera<\/em> \u2013 21 de marzo \u2013 Zona arqueol\u00f3gica \u201cEl Cerrito\u201d.<\/p>\n<p style=\"padding-left: 30px; text-align: justify;\"><em>\u2022 Semana Santa y Fiesta del Divino Salvador<\/em> -fecha de acuerdo al Calendario Lit\u00fargico.\u00a0Fiesta Lit\u00fargica, celebrada en abril \u2013seg\u00fan calendario lit\u00fargico- la imagen de la Virgen de El Pueblito visita la ciudad Episcopal de Santiago de Qro.\u00a0Recorrido por el Buen Temporal de la Virgen de El Pueblito a las Parroquias y Templos de Quer\u00e9taro pidiendo por las buenas cosechas.<\/p>\n<p style=\"padding-left: 30px; text-align: justify;\"><em>\u2022 Fiestas patrias<\/em> \u201315 y 16 de septiembre\u2013 Jard\u00edn Principal de El Pueblito y Plazas c\u00edvicas de las Delegaciones.<\/p>\n<p style=\"padding-left: 30px; text-align: justify;\"><em>\u2022 Octubre, Aniversario de la fundaci\u00f3n del Santuario de Schoenstatt.<\/em><\/p>\n<p style=\"padding-left: 30px; text-align: justify;\"><em>\u2022 Octubre Aniversario de la Coronaci\u00f3n de la Virgen de El Pueblito<\/em>, visita la ciudad Episcopal de Santiago de Quer\u00e9taro y a su regreso festejos en el Santuario y calles del Centro de El Pueblito.<\/p>\n<p style=\"padding-left: 30px; text-align: justify;\"><em>\u2022 D\u00eda de muertos<\/em> \u20131 y 2 de noviembre \u2013Pante\u00f3n municipal, Pante\u00f3n de Joaqu\u00edn Herrera y Pante\u00f3n Antiguo, as\u00ed como colocaci\u00f3n y concursos de Altares de Muertos en el Jard\u00edn Principal de El Pueblito y Alameda Hidalgo.<\/p>\n<p style=\"padding-left: 30px; text-align: justify;\"><em>\u2022 Diciembre, Fiestas Navide\u00f1as:<\/em> encendido del \u00e1rbol e inauguraci\u00f3n del Bazar Navide\u00f1o \u2013Jard\u00edn Principal de El Pueblito.<\/p>\n<p>[\/vc_column_text][\/vc_column][\/vc_row]<\/p>\n","protected":false},"excerpt":{"rendered":"<p>[vc_row][vc_column][vc_column_text] Fiestas y tradiciones [\/vc_column_text][\/vc_column][\/vc_row][vc_row css=&#8221;.vc_custom_1447129137381{padding-bottom: 40px !important;}&#8221;][vc_column width=&#8221;1\/3&#8243;][vc_column_text css=&#8221;.vc_custom_1451333573339{padding-top: 33px !important;}&#8221;] Por Dulce Mar\u00eda Ard\u00f3n, Cronista Municipal [\/vc_column_text][vc_single_image image=&#8221;3362&#8243; img_size=&#8221;300&#215;240&#8243; alignment=&#8221;right&#8221; style=&#8221;vc_box_shadow_border&#8221; css=&#8221;.vc_custom_1707317320322{padding-top: 40px !important;}&#8221;][vc_single_image image=&#8221;3214&#8243; img_size=&#8221;300&#215;240&#8243; alignment=&#8221;right&#8221; style=&#8221;vc_box_shadow_border&#8221; css=&#8221;.vc_custom_1451331582790{padding-top: 40px !important;}&#8221;][vc_single_image image=&#8221;3215&#8243; img_size=&#8221;300&#215;220&#8243; alignment=&#8221;right&#8221; style=&#8221;vc_box_shadow_border&#8221; css=&#8221;.vc_custom_1451331719952{padding-top: 40px !important;}&#8221;][\/vc_column][vc_column&#8230;<\/p>\n","protected":false},"author":15,"featured_media":0,"parent":2169,"menu_order":1,"comment_status":"closed","ping_status":"closed","template":"","meta":[],"_links":{"self":[{"href":"https:\/\/corregidora.gob.mx\/portal\/wp-json\/wp\/v2\/pages\/2441"}],"collection":[{"href":"https:\/\/corregidora.gob.mx\/portal\/wp-json\/wp\/v2\/pages"}],"about":[{"href":"https:\/\/corregidora.gob.mx\/portal\/wp-json\/wp\/v2\/types\/page"}],"author":[{"embeddable":true,"href":"https:\/\/corregidora.gob.mx\/portal\/wp-json\/wp\/v2\/users\/15"}],"replies":[{"embeddable":true,"href":"https:\/\/corregidora.gob.mx\/portal\/wp-json\/wp\/v2\/comments?post=2441"}],"version-history":[{"count":12,"href":"https:\/\/corregidora.gob.mx\/portal\/wp-json\/wp\/v2\/pages\/2441\/revisions"}],"predecessor-version":[{"id":36527,"href":"https:\/\/corregidora.gob.mx\/portal\/wp-json\/wp\/v2\/pages\/2441\/revisions\/36527"}],"up":[{"embeddable":true,"href":"https:\/\/corregidora.gob.mx\/portal\/wp-json\/wp\/v2\/pages\/2169"}],"wp:attachment":[{"href":"https:\/\/corregidora.gob.mx\/portal\/wp-json\/wp\/v2\/media?parent=2441"}],"curies":[{"name":"wp","href":"https:\/\/api.w.org\/{rel}","templated":true}]}}