{"id":19625,"date":"2021-01-21T10:08:03","date_gmt":"2021-01-21T16:08:03","guid":{"rendered":"https:\/\/corregidora.gob.mx\/portal\/?page_id=19625"},"modified":"2021-01-29T13:57:51","modified_gmt":"2021-01-29T19:57:51","slug":"ppduzn","status":"publish","type":"page","link":"https:\/\/corregidora.gob.mx\/portal\/ppduzn\/","title":{"rendered":"Programa Parcial de Desarrollo Urbano Zona Norte"},"content":{"rendered":"<p>[vc_row][vc_column][vc_single_image image=&#8221;24646&#8243; img_size=&#8221;full&#8221; alignment=&#8221;center&#8221;][\/vc_column][\/vc_row][vc_row][vc_column width=&#8221;1\/3&#8243;][vc_single_image image=&#8221;24672&#8243; img_size=&#8221;full&#8221; alignment=&#8221;center&#8221; onclick=&#8221;custom_link&#8221; img_link_target=&#8221;_blank&#8221; css_animation=&#8221;fadeInLeft&#8221; link=&#8221;https:\/\/corregidora.gob.mx\/portal\/wp-content\/uploads\/2021\/01\/CONVOCATORIA_FORO-2021-03.jpg&#8221;][\/vc_column][vc_column width=&#8221;1\/3&#8243;][vc_single_image image=&#8221;24671&#8243; img_size=&#8221;full&#8221; alignment=&#8221;center&#8221; onclick=&#8221;custom_link&#8221; img_link_target=&#8221;_blank&#8221; css_animation=&#8221;fadeInUp&#8221; link=&#8221;https:\/\/forms.gle\/J4DUfHqLumGwtfs6A&#8221;][\/vc_column][vc_column width=&#8221;1\/3&#8243;][vc_single_image image=&#8221;24673&#8243; img_size=&#8221;full&#8221; alignment=&#8221;center&#8221; onclick=&#8221;custom_link&#8221; img_link_target=&#8221;_blank&#8221; css_animation=&#8221;fadeInDown&#8221; link=&#8221;https:\/\/response.encuesta.com\/#\/survey\/d75W5COzQD&#8221;][\/vc_column][\/vc_row][vc_row][vc_column][vc_text_separator title=&#8221;Tutoriales&#8221; i_icon_fontawesome=&#8221;fas fa-play-circle&#8221; color=&#8221;blue&#8221; border_width=&#8221;2&#8243; css_animation=&#8221;bounceIn&#8221; add_icon=&#8221;true&#8221;][\/vc_column][\/vc_row][vc_row][vc_column width=&#8221;1\/2&#8243; css=&#8221;.vc_custom_1596125525806{margin-right: 20px !important;margin-left: 20px !important;}&#8221;][vc_column_text][video_lightbox_vimeo5 video_id=&#8221;506222957&#8243; width=&#8221;800&#8243; height=&#8221;600&#8243; anchor=&#8221;https:\/\/corregidora.gob.mx\/portal\/wp-content\/uploads\/2021\/01\/botones_2021-01.jpg&#8221; alt=&#8221;Tutorial Consulta&#8221;][\/vc_column_text][\/vc_column][vc_column width=&#8221;1\/2&#8243; css=&#8221;.vc_custom_1596125457039{margin-right: 20px !important;margin-left: 20px !important;}&#8221;][vc_column_text][video_lightbox_vimeo5 video_id=&#8221;506222266&#8243; width=&#8221;800&#8243; height=&#8221;600&#8243; anchor=&#8221;https:\/\/corregidora.gob.mx\/portal\/wp-content\/uploads\/2021\/01\/botones_2021-02.jpg&#8221; alt=&#8221;Consulta p\u00fablica Corregidora para ni\u00f1os y ni\u00f1as&#8221;][\/vc_column_text][\/vc_column][\/vc_row]<\/p>\n","protected":false},"excerpt":{"rendered":"<p>[vc_row][vc_column][vc_single_image image=&#8221;24646&#8243; img_size=&#8221;full&#8221; alignment=&#8221;center&#8221;][\/vc_column][\/vc_row][vc_row][vc_column width=&#8221;1\/3&#8243;][vc_single_image image=&#8221;24672&#8243; img_size=&#8221;full&#8221; alignment=&#8221;center&#8221; onclick=&#8221;custom_link&#8221; img_link_target=&#8221;_blank&#8221; css_animation=&#8221;fadeInLeft&#8221; link=&#8221;https:\/\/corregidora.gob.mx\/portal\/wp-content\/uploads\/2021\/01\/CONVOCATORIA_FORO-2021-03.jpg&#8221;][\/vc_column][vc_column width=&#8221;1\/3&#8243;][vc_single_image image=&#8221;24671&#8243; img_size=&#8221;full&#8221; alignment=&#8221;center&#8221; onclick=&#8221;custom_link&#8221; img_link_target=&#8221;_blank&#8221; css_animation=&#8221;fadeInUp&#8221; link=&#8221;https:\/\/forms.gle\/J4DUfHqLumGwtfs6A&#8221;][\/vc_column][vc_column width=&#8221;1\/3&#8243;][vc_single_image image=&#8221;24673&#8243; img_size=&#8221;full&#8221; alignment=&#8221;center&#8221; onclick=&#8221;custom_link&#8221; img_link_target=&#8221;_blank&#8221; css_animation=&#8221;fadeInDown&#8221; link=&#8221;https:\/\/response.encuesta.com\/#\/survey\/d75W5COzQD&#8221;][\/vc_column][\/vc_row][vc_row][vc_column][vc_text_separator title=&#8221;Tutoriales&#8221; i_icon_fontawesome=&#8221;fas fa-play-circle&#8221; color=&#8221;blue&#8221; border_width=&#8221;2&#8243; css_animation=&#8221;bounceIn&#8221; add_icon=&#8221;true&#8221;][\/vc_column][\/vc_row][vc_row][vc_column width=&#8221;1\/2&#8243; css=&#8221;.vc_custom_1596125525806{margin-right: 20px !important;margin-left: 20px&#8230;<\/p>\n","protected":false},"author":7,"featured_media":0,"parent":0,"menu_order":0,"comment_status":"closed","ping_status":"closed","template":"","meta":[],"_links":{"self":[{"href":"https:\/\/corregidora.gob.mx\/portal\/wp-json\/wp\/v2\/pages\/19625"}],"collection":[{"href":"https:\/\/corregidora.gob.mx\/portal\/wp-json\/wp\/v2\/pages"}],"about":[{"href":"https:\/\/corregidora.gob.mx\/portal\/wp-json\/wp\/v2\/types\/page"}],"author":[{"embeddable":true,"href":"https:\/\/corregidora.gob.mx\/portal\/wp-json\/wp\/v2\/users\/7"}],"replies":[{"embeddable":true,"href":"https:\/\/corregidora.gob.mx\/portal\/wp-json\/wp\/v2\/comments?post=19625"}],"version-history":[{"count":11,"href":"https:\/\/corregidora.gob.mx\/portal\/wp-json\/wp\/v2\/pages\/19625\/revisions"}],"predecessor-version":[{"id":25050,"href":"https:\/\/corregidora.gob.mx\/portal\/wp-json\/wp\/v2\/pages\/19625\/revisions\/25050"}],"wp:attachment":[{"href":"https:\/\/corregidora.gob.mx\/portal\/wp-json\/wp\/v2\/media?parent=19625"}],"curies":[{"name":"wp","href":"https:\/\/api.w.org\/{rel}","templated":true}]}}