{"id":18661,"date":"2020-07-29T10:41:29","date_gmt":"2020-07-29T15:41:29","guid":{"rendered":"https:\/\/corregidora.gob.mx\/portal\/?page_id=18661"},"modified":"2020-11-05T12:41:09","modified_gmt":"2020-11-05T18:41:09","slug":"covid","status":"publish","type":"page","link":"https:\/\/corregidora.gob.mx\/portal\/covid\/","title":{"rendered":"COVID-19"},"content":{"rendered":"<p>[vc_row full_width=&#8221;stretch_row_content&#8221; css=&#8221;.vc_custom_1596038841871{padding-top: 5px !important;padding-bottom: 5px !important;}&#8221;][vc_column][vc_single_image image=&#8221;19900&#8243; img_size=&#8221;full&#8221; alignment=&#8221;center&#8221;][vc_row_inner][vc_column_inner width=&#8221;1\/3&#8243;][vc_single_image image=&#8221;18677&#8243; img_size=&#8221;800X300&#8243; alignment=&#8221;center&#8221; onclick=&#8221;custom_link&#8221; img_link_target=&#8221;_blank&#8221; css_animation=&#8221;appear&#8221; css=&#8221;.vc_custom_1596047999061{padding-bottom: 20px !important;}&#8221; link=&#8221;https:\/\/www.queretaro.gob.mx\/covid19\/contenido\/listadoMetricasSESEQ.aspx&#8221;][\/vc_column_inner][vc_column_inner width=&#8221;1\/3&#8243;][vc_single_image image=&#8221;19898&#8243; img_size=&#8221;800X300&#8243; alignment=&#8221;center&#8221; onclick=&#8221;custom_link&#8221; img_link_target=&#8221;_blank&#8221; css_animation=&#8221;appear&#8221; css=&#8221;.vc_custom_1598980239248{padding-bottom: 20px !important;}&#8221; link=&#8221;https:\/\/www.corregidora.gob.mx\/Documentos\/2018-2021\/COVID-19\/analisis_de_riesgo\/Diagnostico_de_analisis_de_riesgos_ante_contigencia_COVID-19.pdf&#8221;][\/vc_column_inner][vc_column_inner width=&#8221;1\/3&#8243;][vc_single_image image=&#8221;19903&#8243; img_size=&#8221;full&#8221; onclick=&#8221;custom_link&#8221; css_animation=&#8221;bounceIn&#8221; link=&#8221;http:\/\/corregidora.gob.mx\/Documentos\/2018-2021\/archivosweb\/plan-accion-covid.pdf&#8221;][\/vc_column_inner][\/vc_row_inner][vc_row_inner][vc_column_inner width=&#8221;1\/2&#8243;][vc_single_image image=&#8221;19059&#8243; img_size=&#8221;800X300&#8243; alignment=&#8221;center&#8221; onclick=&#8221;custom_link&#8221; img_link_target=&#8221;_blank&#8221; css_animation=&#8221;appear&#8221; css=&#8221;.vc_custom_1598987903460{padding-bottom: 20px !important;}&#8221; link=&#8221;https:\/\/corregidora.gob.mx\/portal\/covid\/acuerdos-autorizados\/&#8221;][\/vc_column_inner][vc_column_inner width=&#8221;1\/2&#8243;][vc_single_image image=&#8221;19060&#8243; img_size=&#8221;800X300&#8243; alignment=&#8221;center&#8221; onclick=&#8221;custom_link&#8221; img_link_target=&#8221;_blank&#8221; css_animation=&#8221;appear&#8221; css=&#8221;.vc_custom_1597075037079{padding-bottom: 20px !important;}&#8221; link=&#8221;https:\/\/www.corregidora.gob.mx\/Documentos\/2018-2021\/COVID-19\/analisis_de_riesgo\/Analisis_de_Gastos_ante_Contigencia_COVID-19_Transparencia.pdf&#8221;][\/vc_column_inner][\/vc_row_inner][\/vc_column][\/vc_row][vc_row][vc_column]<div class=\"fullwidth-block clearfix\" style=\"background-image: url(https:\/\/corregidora.gob.mx\/portal\/wp-content\/uploads\/2020\/07\/103-scaled.jpg);background-position: center center;background-attachment: fixed;padding-top: 30px;padding-bottom: 30px;padding-left: 25px;padding-right: 25px;\"><div class=\"container\">[vc_single_image image=&#8221;18687&#8243; img_size=&#8221;800&#215;350&#8243; alignment=&#8221;center&#8221; css_animation=&#8221;bounceIn&#8221;]<\/div><\/div>[\/vc_column][\/vc_row][vc_row full_width=&#8221;stretch_row&#8221; css=&#8221;.vc_custom_1598971992540{padding-top: 5px !important;padding-bottom: 5px !important;}&#8221;][vc_column][vc_row_inner][vc_column_inner width=&#8221;1\/3&#8243;][vc_single_image image=&#8221;15529&#8243; img_size=&#8221;large&#8221; css_animation=&#8221;bounceInLeft&#8221;][vc_btn title=&#8221;Descargar Acuerdo de Cabildo&#8221; color=&#8221;primary&#8221; size=&#8221;lg&#8221; align=&#8221;center&#8221; button_block=&#8221;true&#8221; link=&#8221;url:http%3A%2F%2Fcorregidora.gob.mx%2FDocumentos%2F2018-2021%2Farchivosweb%2Fgaceta8.pdf|target:_blank&#8221;][\/vc_column_inner][vc_column_inner width=&#8221;1\/3&#8243;][vc_single_image image=&#8221;15528&#8243; img_size=&#8221;full&#8221; css_animation=&#8221;bounceInLeft&#8221;][vc_btn title=&#8221;Descargar Acuerdo de Cabildo&#8221; color=&#8221;primary&#8221; size=&#8221;lg&#8221; align=&#8221;center&#8221; button_block=&#8221;true&#8221; link=&#8221;url:http%3A%2F%2Fcorregidora.gob.mx%2FDocumentos%2F2018-2021%2Farchivosweb%2Fgaceta8.pdf|target:_blank&#8221;][\/vc_column_inner][vc_column_inner width=&#8221;1\/3&#8243;][vc_single_image image=&#8221;15218&#8243; img_size=&#8221;full&#8221; css_animation=&#8221;bounceInLeft&#8221;][vc_btn title=&#8221;Descargar Acuerdo de Cabildo&#8221; color=&#8221;primary&#8221; size=&#8221;lg&#8221; align=&#8221;center&#8221; button_block=&#8221;true&#8221; link=&#8221;url:http%3A%2F%2Fcorregidora.gob.mx%2FDocumentos%2F2018-2021%2Farchivosweb%2Fgaceta8.pdf|target:_blank&#8221;][\/vc_column_inner][\/vc_row_inner][vc_row_inner][vc_column_inner width=&#8221;1\/3&#8243;][vc_single_image image=&#8221;15240&#8243; img_size=&#8221;full&#8221; css_animation=&#8221;bounceInRight&#8221;][vc_btn title=&#8221;Descargar Acuerdo de Cabildo&#8221; color=&#8221;primary&#8221; size=&#8221;lg&#8221; align=&#8221;center&#8221; button_block=&#8221;true&#8221; link=&#8221;url:http%3A%2F%2Fcorregidora.gob.mx%2FDocumentos%2F2018-2021%2Farchivosweb%2Fgaceta7.pdf|target:_blank&#8221;][\/vc_column_inner][vc_column_inner width=&#8221;1\/3&#8243;][vc_single_image image=&#8221;15219&#8243; img_size=&#8221;full&#8221; css_animation=&#8221;bounceInRight&#8221;][vc_btn title=&#8221;Descargar Acuerdo de Cabildo&#8221; color=&#8221;primary&#8221; size=&#8221;lg&#8221; align=&#8221;center&#8221; button_block=&#8221;true&#8221; link=&#8221;url:http%3A%2F%2Fcorregidora.gob.mx%2FDocumentos%2F2018-2021%2Farchivosweb%2Fgaceta8.pdf|target:_blank&#8221;][\/vc_column_inner][vc_column_inner width=&#8221;1\/3&#8243;][vc_single_image image=&#8221;15233&#8243; img_size=&#8221;full&#8221; css_animation=&#8221;bounceInRight&#8221;][\/vc_column_inner][\/vc_row_inner][\/vc_column][\/vc_row][vc_row full_width=&#8221;stretch_row_content&#8221; css=&#8221;.vc_custom_1596038841871{padding-top: 5px !important;padding-bottom: 5px !important;}&#8221;][vc_column width=&#8221;1\/2&#8243;][vc_single_image image=&#8221;19147&#8243; img_size=&#8221;full&#8221; alignment=&#8221;center&#8221; onclick=&#8221;custom_link&#8221; img_link_target=&#8221;_blank&#8221; css_animation=&#8221;bounceInLeft&#8221; link=&#8221;https:\/\/www.who.int\/es\/emergencies\/diseases\/novel-coronavirus-2019\/advice-for-public\/q-a-coronaviruses&#8221;][\/vc_column][vc_column width=&#8221;1\/2&#8243;][vc_single_image image=&#8221;19152&#8243; img_size=&#8221;full&#8221; alignment=&#8221;center&#8221; onclick=&#8221;custom_link&#8221; img_link_target=&#8221;_blank&#8221; css_animation=&#8221;bounceInLeft&#8221;][vc_column_text css_animation=&#8221;fadeIn&#8221;]Donaciones realizadas al municipio de Corregidora:<\/p>\n<ul>\n<li>Comercializadora Gresma M\u00e9xico don\u00f3 500 cubrebocas.<\/li>\n<li>La empresa Pochteca Materias Primas don\u00f3 1,020 litros de sanitizante al municipio.<\/li>\n<li>La regidora Lennyz dono 10 mil cubre bocas al Municipio de Corregidora.<\/li>\n<li>Bachoco don\u00f3 dos toneladas de pollo que se distribuyeron en comunidades a las familias de mayor necesidad.<\/li>\n<li>La empresa Sulo don\u00f3 100 caretas.<\/li>\n<li>Se entregaron 35 mil kits con cubrebocas y gel sanitizante<\/li>\n<\/ul>\n<p>[\/vc_column_text][\/vc_column][\/vc_row][vc_row full_width=&#8221;stretch_row&#8221; css=&#8221;.vc_custom_1598971992540{padding-top: 5px !important;padding-bottom: 5px !important;}&#8221;][vc_column][vc_single_image image=&#8221;21650&#8243; img_size=&#8221;full&#8221; alignment=&#8221;center&#8221; onclick=&#8221;custom_link&#8221; img_link_target=&#8221;_blank&#8221; link=&#8221;https:\/\/news.google.com\/covid19\/map?hl=es-419&amp;mid=%2Fm%2F01gfk1&amp;gl=US&amp;ceid=US%3Aes-419&#8243;][\/vc_column][\/vc_row][vc_row full_width=&#8221;stretch_row_content&#8221;][vc_column]<div class=\"fullwidth-block clearfix\" style=\"background-image: url(https:\/\/corregidora.gob.mx\/portal\/wp-content\/uploads\/2020\/07\/5698-scaled.jpg);background-position: center center;background-attachment: fixed;padding-top: 30px;padding-bottom: 30px;padding-left: 25px;padding-right: 25px;\"><div class=\"container\">[vc_single_image image=&#8221;18696&#8243; img_size=&#8221;800&#215;350&#8243; alignment=&#8221;center&#8221; css_animation=&#8221;bounceIn&#8221;]<\/div><\/div>[\/vc_column][\/vc_row][vc_row full_width=&#8221;stretch_row_content&#8221; css=&#8221;.vc_custom_1596038841871{padding-top: 5px !important;padding-bottom: 5px !important;}&#8221;][vc_column][vc_single_image image=&#8221;18704&#8243; img_size=&#8221;full&#8221; alignment=&#8221;center&#8221; onclick=&#8221;custom_link&#8221; img_link_target=&#8221;_blank&#8221; css_animation=&#8221;bounceInLeft&#8221; link=&#8221;https:\/\/www.who.int\/es\/emergencies\/diseases\/novel-coronavirus-2019\/advice-for-public\/q-a-coronaviruses&#8221;][vc_column_text css_animation=&#8221;fadeIn&#8221;]<strong>\u00bfQu\u00e9 medidas ha tomado el personal del Municipio de Corregidora ante la contingencia por Covid-19?<\/strong><\/p>\n<ol>\n<li>a) Evitar aglomeraci\u00f3n de personas<\/li>\n<li>b) Respetar la sana distancia<\/li>\n<li>c) Uso de cubrebocas<\/li>\n<li>d) Limpieza constante de las \u00e1reas de trabajo<\/li>\n<li>e) Colocaci\u00f3n de gel antibacterial en los diferentes puntos del CAM<\/li>\n<\/ol>\n<p><strong>\u00bfQu\u00e9 cambios en las funciones ha tenido el personal de la Secretar\u00eda de Seguridad P\u00fablica Municipal? <\/strong><\/p>\n<p>R: Sin dejar las funciones de prevenir conductas delictivas y faltas administrativas, que pudiesen cometer en la geograf\u00eda del Ayuntamiento; se ha conformado un grupo de trabajo dual, que coadyuva y hacen frente a la pandemia COVID-19, denominado \u201cCiudadano Vigilante\u201d, mismo que tiene entre otras funciones, orientar al p\u00fablico en medidas de seguridad sanitaria, dispersar grupos de personas, organizar filas de ciudadanos para ingresos ordenados a establecimientos; grupo que es coordinado, supervisado y distribuido por el personal operativo de la SSPM, en plazas comerciales, parques, jardines p\u00fablicos, tianguis y avenidas de mayor afluencia de ciudadanos. Lo anterior por debido al incremento de las actividades generadas por la pandemia.<\/p>\n<p><strong>Medidas especiales para el personal que labora en la SSPM y que se encuentra dentro del grupo poblacional m\u00e1s vulnerable <\/strong><strong><em>(mayores de 60 a\u00f1os e individuos con comorbilidades como diabetes, hipertensi\u00f3n y obesidad)<\/em><\/strong><strong> debido a la edad o enfermedades cr\u00f3nicas.<\/strong><\/p>\n<p>R: Con base en la sesi\u00f3n extraordinaria de cabildo celebrada el 20 de marzo de 2020, en el H. Ayuntamiento de Corregidora, Qro., se aprob\u00f3 el acuerdo de Cabildo que adopta las Recomendaciones Generales y las medidas de seguridad sanitaria implementadas y aprobadas por la Secretar\u00eda de Seguridad Ciudadana y Consejo Estatal, en atenci\u00f3n a la indicaci\u00f3n del Mtro. Roberto Sosa Pichardo, el personal en esta situaci\u00f3n y personal de la tercera edad se retira del servicio.<\/p>\n<p><strong>\u00bfSe les est\u00e1 pagando el sueldo completo al personal de la SSPM que ha sido enviado a casa durante esta contingencia? <\/strong><\/p>\n<p>R: En relaci\u00f3n con la anterior, gozan de sueldo completo el personal que fue enviado a casa durante la contingencia, siendo la mayor\u00eda personal administrativo.<\/p>\n<p><strong>\u00bfQu\u00e9 porcentaje del personal que labora en la SSPM est\u00e1 inactivo por ser considerado en riesgo durante la contingencia por Covid-19?<\/strong><\/p>\n<p>R: De acuerdo con la respuesta de la Direcci\u00f3n Administrativa de la SSPM, el porcentaje del estado de fuerza inactivo por ser considerado en riesgo es del 2.5%, manteni\u00e9ndose activo el 97.5% del total de los elementos adscritos a la Corporaci\u00f3n policial.<\/p>\n<p><strong>Saber si los polic\u00edas que laboran en la SSPM de Corregidora cuentan con seguro de vida.<\/strong><\/p>\n<p>R: S\u00ed, el personal adscrito al \u00e1rea operativa de la SSPM cuenta con la prestaci\u00f3n de Seguro de Vida.<\/p>\n<p><strong>Programas implementados en el Municipio de Corregidora derivados de la contingencia de Covid-19<\/strong><\/p>\n<p>R: Para saber qu\u00e9 programas han sido implementados en el Municipio derivado de la contingencia visite el siguiente link:<\/p>\n<p><strong>Tengo s\u00edntomas similares a los del Covid-19, \u00bfc\u00f3mo me pueden orientar?<\/strong><\/p>\n<p>R: Comun\u00edcate v\u00eda telef\u00f3nica a la <strong>l\u00ednea COVID-19, 442 101 5205<\/strong>, y recibe la orientaci\u00f3n necesaria sobre cuidados para tu salud.<\/p>\n<p>&nbsp;<\/p>\n<p>&nbsp;<\/p>\n<p>[\/vc_column_text][\/vc_column][\/vc_row][vc_row full_width=&#8221;stretch_row_content&#8221; css=&#8221;.vc_custom_1596038841871{padding-top: 5px !important;padding-bottom: 5px !important;}&#8221;][vc_column width=&#8221;1\/2&#8243;][vc_single_image image=&#8221;18705&#8243; img_size=&#8221;full&#8221; alignment=&#8221;center&#8221; onclick=&#8221;custom_link&#8221; img_link_target=&#8221;_blank&#8221; css_animation=&#8221;bounceInLeft&#8221; link=&#8221;https:\/\/www.who.int\/es\/emergencies\/diseases\/novel-coronavirus-2019\/advice-for-public\/myth-busters&#8221;][\/vc_column][vc_column width=&#8221;1\/2&#8243;][vc_single_image image=&#8221;18680&#8243; img_size=&#8221;800X300&#8243; alignment=&#8221;center&#8221; onclick=&#8221;custom_link&#8221; img_link_target=&#8221;_blank&#8221; css_animation=&#8221;appear&#8221; link=&#8221;https:\/\/queretaro.gob.mx\/covid19Media\/&#8221;][\/vc_column][\/vc_row][vc_row][vc_column]<div class=\"sc-button-with-separator\"><div class=\"sc-button-sep-holder\"><div class=\"sc-button-separator sc-button-separator-double\" style=\"border-color: #1e73be;\"><\/div><\/div><div class=\"sc-button-sep-button\"><div class=\"centered-box\"><a class=\"sc-button \"  href=\"https:\/\/www.queretaro.gob.mx\/covid19\/\" target=\"_blank\" style=\"color: #ffffff;background-color: #1e73be;\">\u00a1Prep\u00e1rate para la nueva normalidad!<\/a><\/div><\/div><div class=\"sc-button-sep-holder\"><div class=\"sc-button-separator sc-button-separator-double\" style=\"border-color: #1e73be;\"><\/div><\/div><\/div>[\/vc_column][\/vc_row][vc_row][vc_column width=&#8221;1\/4&#8243;]<div class=\"sc-vimeo sc-wrapbox sc-wrapbox-style-default rounded-corners sc-wrapbox-position-below\" style=\"width: 100%;height: 300px;\"><div class=\"sc-wrapbox-inner\"><iframe class=\"sc-wrapbox-element img-responsive\" frameborder=\"0\" scrolling=\"no\" marginheight=\"0\" marginwidth=\"0\" src=\"\/\/player.vimeo.com\/video\/453667898?title=0&amp;byline=0&amp;portrait=0\"><\/iframe><\/div><\/div>[\/vc_column][vc_column width=&#8221;1\/4&#8243;]<div class=\"sc-vimeo sc-wrapbox sc-wrapbox-style-default rounded-corners sc-wrapbox-position-below\" style=\"width: 100%;height: 300px;\"><div class=\"sc-wrapbox-inner\"><iframe class=\"sc-wrapbox-element img-responsive\" frameborder=\"0\" scrolling=\"no\" marginheight=\"0\" marginwidth=\"0\" src=\"\/\/player.vimeo.com\/video\/453667972?title=0&amp;byline=0&amp;portrait=0\"><\/iframe><\/div><\/div>[\/vc_column][vc_column width=&#8221;1\/4&#8243;]<div class=\"sc-vimeo sc-wrapbox sc-wrapbox-style-default rounded-corners sc-wrapbox-position-below\" style=\"width: 100%;height: 300px;\"><div class=\"sc-wrapbox-inner\"><iframe class=\"sc-wrapbox-element img-responsive\" frameborder=\"0\" scrolling=\"no\" marginheight=\"0\" marginwidth=\"0\" src=\"\/\/player.vimeo.com\/video\/453668316?title=0&amp;byline=0&amp;portrait=0\"><\/iframe><\/div><\/div>[\/vc_column][vc_column width=&#8221;1\/4&#8243;]<div class=\"sc-vimeo sc-wrapbox sc-wrapbox-style-default rounded-corners sc-wrapbox-position-below\" style=\"width: 100%;height: 300px;\"><div class=\"sc-wrapbox-inner\"><iframe class=\"sc-wrapbox-element img-responsive\" frameborder=\"0\" scrolling=\"no\" marginheight=\"0\" marginwidth=\"0\" src=\"\/\/player.vimeo.com\/video\/456679443?title=0&amp;byline=0&amp;portrait=0\"><\/iframe><\/div><\/div>[\/vc_column][\/vc_row][vc_row full_width=&#8221;stretch_row_content&#8221;][vc_column][vc_single_image image=&#8221;20031&#8243; img_size=&#8221;full&#8221; alignment=&#8221;center&#8221;][\/vc_column][\/vc_row]<\/p>\n","protected":false},"excerpt":{"rendered":"<p>[vc_row full_width=&#8221;stretch_row_content&#8221; css=&#8221;.vc_custom_1596038841871{padding-top: 5px !important;padding-bottom: 5px !important;}&#8221;][vc_column][vc_single_image image=&#8221;19900&#8243; img_size=&#8221;full&#8221; alignment=&#8221;center&#8221;][vc_row_inner][vc_column_inner width=&#8221;1\/3&#8243;][vc_single_image image=&#8221;18677&#8243; img_size=&#8221;800X300&#8243; alignment=&#8221;center&#8221; onclick=&#8221;custom_link&#8221; img_link_target=&#8221;_blank&#8221; css_animation=&#8221;appear&#8221; css=&#8221;.vc_custom_1596047999061{padding-bottom: 20px !important;}&#8221; link=&#8221;https:\/\/www.queretaro.gob.mx\/covid19\/contenido\/listadoMetricasSESEQ.aspx&#8221;][\/vc_column_inner][vc_column_inner width=&#8221;1\/3&#8243;][vc_single_image image=&#8221;19898&#8243; img_size=&#8221;800X300&#8243; alignment=&#8221;center&#8221; onclick=&#8221;custom_link&#8221; img_link_target=&#8221;_blank&#8221; css_animation=&#8221;appear&#8221; css=&#8221;.vc_custom_1598980239248{padding-bottom: 20px !important;}&#8221; link=&#8221;https:\/\/www.corregidora.gob.mx\/Documentos\/2018-2021\/COVID-19\/analisis_de_riesgo\/Diagnostico_de_analisis_de_riesgos_ante_contigencia_COVID-19.pdf&#8221;][\/vc_column_inner][vc_column_inner width=&#8221;1\/3&#8243;][vc_single_image image=&#8221;19903&#8243; img_size=&#8221;full&#8221; onclick=&#8221;custom_link&#8221; css_animation=&#8221;bounceIn&#8221; link=&#8221;http:\/\/corregidora.gob.mx\/Documentos\/2018-2021\/archivosweb\/plan-accion-covid.pdf&#8221;][\/vc_column_inner][\/vc_row_inner][vc_row_inner][vc_column_inner width=&#8221;1\/2&#8243;][vc_single_image image=&#8221;19059&#8243;&#8230;<\/p>\n","protected":false},"author":7,"featured_media":0,"parent":0,"menu_order":0,"comment_status":"closed","ping_status":"closed","template":"","meta":[],"_links":{"self":[{"href":"https:\/\/corregidora.gob.mx\/portal\/wp-json\/wp\/v2\/pages\/18661"}],"collection":[{"href":"https:\/\/corregidora.gob.mx\/portal\/wp-json\/wp\/v2\/pages"}],"about":[{"href":"https:\/\/corregidora.gob.mx\/portal\/wp-json\/wp\/v2\/types\/page"}],"author":[{"embeddable":true,"href":"https:\/\/corregidora.gob.mx\/portal\/wp-json\/wp\/v2\/users\/7"}],"replies":[{"embeddable":true,"href":"https:\/\/corregidora.gob.mx\/portal\/wp-json\/wp\/v2\/comments?post=18661"}],"version-history":[{"count":38,"href":"https:\/\/corregidora.gob.mx\/portal\/wp-json\/wp\/v2\/pages\/18661\/revisions"}],"predecessor-version":[{"id":28207,"href":"https:\/\/corregidora.gob.mx\/portal\/wp-json\/wp\/v2\/pages\/18661\/revisions\/28207"}],"wp:attachment":[{"href":"https:\/\/corregidora.gob.mx\/portal\/wp-json\/wp\/v2\/media?parent=18661"}],"curies":[{"name":"wp","href":"https:\/\/api.w.org\/{rel}","templated":true}]}}