{"id":3961,"date":"2022-11-18T18:14:24","date_gmt":"2022-11-18T18:14:24","guid":{"rendered":"https:\/\/www.corregidora.gob.mx\/unmertest\/?page_id=3961"},"modified":"2022-11-18T19:07:30","modified_gmt":"2022-11-18T19:07:30","slug":"diagnostico","status":"publish","type":"page","link":"https:\/\/corregidora.gob.mx\/cmmer\/diagnostico\/","title":{"rendered":"Diagn\u00f3stico Simplifica Corregidora"},"content":{"rendered":"[vc_row][vc_column][vc_column_text css=\u00bb.vc_custom_1531151877419{margin-bottom: 15px !important;}\u00bb]\n<h5 style=\"text-align: center;\">Los Datos que se presentan a continuaci\u00f3n, derivan de una evaluaci\u00f3n a la que se someti\u00f3 el Municipio de Corregidora, con la finalidad de tener un panorama general de la tramitolog\u00eda en el Municipio, dicho diagn\u00f3stico fue elaborado por la Comisi\u00f3n Federal de Mejora Regulatoria (COFEMER), ahora Comisi\u00f3n Nacional de Mejora Regulatoria (CONAMER), mismo que parte de una metodolog\u00eda utilizada por dicho organismo.<\/h5>\n[\/vc_column_text][vc_column_text css=\u00bb.vc_custom_1531151885008{margin-bottom: 20px !important;}\u00bb]\n<h5 style=\"text-align: center;\">Para mayor informaci\u00f3n consultar la p\u00e1gina: <a href=\"http:\/\/www.gob.mx\/cofemer\">www.gob.mx\/cofemer<\/a><\/h5>\n[\/vc_column_text][\/vc_column][\/vc_row][vc_row][vc_column][vc_custom_heading text=\u00bbDatos Generales\u00bb font_container=\u00bbtag:h2|text_align:left|color:%23000000&#8243; use_theme_fonts=\u00bbyes\u00bb css=\u00bb.vc_custom_1529347201500{margin-bottom: 30px !important;}\u00bb][vc_row_inner][vc_column_inner width=\u00bb1\/2&#8243;][vc_column_text css=\u00bb.vc_custom_1529353337260{margin-bottom: 50px !important;}\u00bb]\n<h5>El programa SIMPLIFICA analiz\u00f3 un total de <strong>330 tr\u00e1mites y servicios<\/strong> del Municipio de Corregidora, correspondientes a <strong>15 dependencias.<\/strong><\/h5>\n[\/vc_column_text][vc_column_text css=\u00bb.vc_custom_1529354448469{margin-bottom: 50px !important;}\u00bb]\n<h6>Costo Econ\u00f3mico Social (CES) asciende a <strong>$809,369,473.00<\/strong> lo que representa el <strong>3.86% del PIB**<\/strong> del Municipio<\/h6>\n<p>&nbsp;<\/p>\n<p>*Cifra incluye a personas fisicas con Actividad Empresarial<br \/>\n** Con datos del Censo Econ\u00f3mico del INEGI 2014[\/vc_column_text][\/vc_column_inner][vc_column_inner width=\u00bb1\/2&#8243;][vc_single_image image=\u00bb3968&#8243; img_size=\u00bblarge\u00bb alignment=\u00bbcenter\u00bb][\/vc_column_inner][\/vc_row_inner][\/vc_column][\/vc_row][vc_row][vc_column][vc_custom_heading text=\u00bbDistribuci\u00f3n del Costo Econ\u00f3mico Social\u00bb font_container=\u00bbtag:h2|text_align:left|color:%23000000&#8243; use_theme_fonts=\u00bbyes\u00bb css=\u00bb.vc_custom_1529349014430{margin-bottom: 30px !important;}\u00bb][vc_row_inner][vc_column_inner width=\u00bb1\/2&#8243;][vc_column_text css=\u00bb.vc_custom_1529349087615{margin-bottom: 50px !important;}\u00bb]El an\u00e1lisis realizado a los tr\u00e1mites y servicios del Municipio, mostr\u00f3 que el componente que genera mayor costo se encuentra en el tiempo de acumulaci\u00f3n de requisitos por parte del usuario[\/vc_column_text][\/vc_column_inner][vc_column_inner width=\u00bb1\/2&#8243;][vc_single_image image=\u00bb3969&#8243; img_size=\u00bblarge\u00bb alignment=\u00bbcenter\u00bb][\/vc_column_inner][\/vc_row_inner][\/vc_column][\/vc_row][vc_row][vc_column][vc_custom_heading text=\u00bbConcentraci\u00f3n de tr\u00e1mites y CES\u00bb font_container=\u00bbtag:h2|text_align:left|color:%23000000&#8243; use_theme_fonts=\u00bbyes\u00bb css=\u00bb.vc_custom_1529358865037{margin-bottom: 30px !important;}\u00bb][vc_column_text]Existen grandes \u00edndices de concentraci\u00f3n en 5 dependencias en cuanto al Costo Econ\u00f3mico Social y n\u00famero de tr\u00e1mites y servicios.[\/vc_column_text][\/vc_column][\/vc_row][vc_row css=\u00bb.vc_custom_1531857422050{margin-bottom: 50px !important;}\u00bb][vc_column width=\u00bb1\/2&#8243;][vc_column_text]\n<ul>\n<li>Secretar\u00eda del Ayuntamiento (81 tr\u00e1mites)<\/li>\n<li>Secretar\u00eda de Servicios P\u00fablicos Municipales (65 tr\u00e1mites)<\/li>\n<li>Secretar\u00eda de Desarrollo Urbano y Obras P\u00fablicas (55 tr\u00e1mites)<\/li>\n<li>Secretar\u00eda de Desarrollo Social (30 tr\u00e1mites)<\/li>\n<li>Secretar\u00eda de Desarrollo Sustentable (23 tr\u00e1mites)<\/li>\n<\/ul>\n<p><strong>Agrupan 254<\/strong> tr\u00e1mites y servicios lo cual representa un<strong> 77%<\/strong> del total de tr\u00e1mites de la entidad[\/vc_column_text][vc_custom_heading text=\u00bbTr\u00e1mites\u00bb font_container=\u00bbtag:h3|text_align:center\u00bb use_theme_fonts=\u00bbyes\u00bb css=\u00bb.vc_custom_1530308390708{margin-top: 50px !important;margin-bottom: 30px !important;}\u00bb][vc_round_chart type=\u00bbdoughnut\u00bb style=\u00bbmodern\u00bb stroke_width=\u00bb5&#8243; tooltips=\u00bb\u00bb values=\u00bb%5B%7B%22title%22%3A%2220%25%22%2C%22value%22%3A%2220%22%2C%22color%22%3A%22orange%22%2C%22custom_color%22%3A%22%2377b5c6%22%7D%2C%7B%22title%22%3A%2223%25%22%2C%22value%22%3A%2223%22%2C%22color%22%3A%22blue%22%2C%22custom_color%22%3A%22%23ff9900%22%7D%5D\u00bb animation=\u00bbeaseOutBounce\u00bb][\/vc_column][vc_column width=\u00bb1\/2&#8243;][vc_column_text]\n<ul>\n<li>Secretar\u00eda de Desarrollo Sustentable<\/li>\n<li>Secretar\u00eda de Desarrollo Urbano y Obras P\u00fablicas<\/li>\n<li>Secretar\u00eda de Tesorer\u00eda y Finanzas<\/li>\n<li>Secretar\u00eda de Desarrollo Social<\/li>\n<li>Secretar\u00eda de Servicios P\u00fablicos Municipales<\/li>\n<\/ul>\n<p><strong>Concentran $729,103,814.00 <\/strong>lo cual representa un <strong>90% <\/strong>del total del Costo Econ\u00f3mico Social de la entidad[\/vc_column_text][vc_custom_heading text=\u00bbCES\u00bb font_container=\u00bbtag:h3|text_align:center\u00bb use_theme_fonts=\u00bbyes\u00bb css=\u00bb.vc_custom_1530308446183{margin-top: 50px !important;margin-bottom: 30px !important;}\u00bb][vc_round_chart style=\u00bbcustom\u00bb stroke_width=\u00bb5&#8243; tooltips=\u00bb\u00bb values=\u00bb%5B%7B%22title%22%3A%229.9%25%22%2C%22value%22%3A%229.9%22%2C%22color%22%3A%22orange%22%2C%22custom_color%22%3A%22%2377b5c6%22%7D%2C%7B%22title%22%3A%2290.1%25%22%2C%22value%22%3A%2290.1%22%2C%22color%22%3A%22turquoise%22%2C%22custom_color%22%3A%22%23ff9900%22%7D%5D\u00bb][\/vc_column][\/vc_row][vc_row css=\u00bb.vc_custom_1530312538879{margin-top: 50px !important;}\u00bb][vc_column][vc_custom_heading text=\u00bbPromedios de realizaci\u00f3n\u00bb font_container=\u00bbtag:h2|text_align:left|color:%23000000&#8243; use_theme_fonts=\u00bbyes\u00bb css=\u00bb.vc_custom_1530309399985{margin-bottom: 30px !important;}\u00bb][vc_column_text]Para los <b>330 tr\u00e1mites <\/b><b>y <\/b><b>servicios <\/b>analizados, se identific\u00f3 que en promedio se resuelven en <b>22 d\u00edas <\/b>y tienen un costo social unitario promedio de realizaci\u00f3n de <b>$8,163.<\/b>[\/vc_column_text][\/vc_column][\/vc_row][vc_row gap=\u00bb60&#8243; equal_height=\u00bbyes\u00bb][vc_column width=\u00bb1\/2&#8243;][vc_row_inner equal_height=\u00bbyes\u00bb css=\u00bb.vc_custom_1530309726190{background-color: #303d65 !important;}\u00bb][vc_column_inner text_color=\u00bb#ffffff\u00bb][vc_column_text]\n<h4 style=\"text-align: center;\"><span style=\"color: #ffffff;\">Ciudadanos<\/span><\/h4>\n[\/vc_column_text][\/vc_column_inner][\/vc_row_inner][vc_row_inner equal_height=\u00bbyes\u00bb css=\u00bb.vc_custom_1530310572956{background-color: #77b5c6 !important;}\u00bb][vc_column_inner text_color=\u00bb#ffffff\u00bb][vc_column_text]\n<h4 style=\"text-align: center;\"><span style=\"color: #ffffff;\">5 Requisitos<\/span><\/h4>\n[\/vc_column_text][\/vc_column_inner][\/vc_row_inner][vc_row_inner equal_height=\u00bbyes\u00bb][vc_column_inner text_color=\u00bb#ffffff\u00bb css=\u00bb.vc_custom_1531857907091{background-color: #0475bc !important;}\u00bb][vc_column_text]\n<h4 style=\"text-align: center;\"><span style=\"color: #ffffff;\">6 d\u00edas<\/span><\/h4>\n<h5 style=\"text-align: center;\"><span style=\"color: #ffffff;\">Tiempo de Acumulaci\u00f3n de requisitos<\/span><\/h5>\n[\/vc_column_text][\/vc_column_inner][\/vc_row_inner][vc_row_inner equal_height=\u00bbyes\u00bb][vc_column_inner text_color=\u00bb#ffffff\u00bb css_tabs=\u00bb\u00bb css=\u00bb.vc_custom_1531867650039{background-color: #009a9d !important;}\u00bb][vc_column_text]\n<h4 style=\"text-align: center;\"><span style=\"color: #ffffff;\">13 d\u00edas<\/span><\/h4>\n<h5 style=\"text-align: center;\"><span style=\"color: #ffffff;\">Tiempo de resoluci\u00f3n<\/span><\/h5>\n[\/vc_column_text][\/vc_column_inner][\/vc_row_inner][vc_row_inner equal_height=\u00bbyes\u00bb css=\u00bb.vc_custom_1530311258720{background-color: #ff9900 !important;}\u00bb][vc_column_inner text_color=\u00bb#ffffff\u00bb][vc_column_text]\n<h4 style=\"text-align: center;\"><span style=\"color: #ffffff;\">Tiempo total: 19 d\u00edas<\/span><\/h4>\n[\/vc_column_text][\/vc_column_inner][\/vc_row_inner][vc_row_inner equal_height=\u00bbyes\u00bb css=\u00bb.vc_custom_1530311429255{background-color: #e08a27 !important;}\u00bb][vc_column_inner text_color=\u00bb#ffffff\u00bb][vc_column_text]\n<h4 style=\"text-align: center;\"><span style=\"color: #ffffff;\">5 Funcionarios p\u00fablicos<\/span><\/h4>\n[\/vc_column_text][\/vc_column_inner][\/vc_row_inner][vc_row_inner equal_height=\u00bbyes\u00bb css=\u00bb.vc_custom_1530311825081{background-color: #b91f4b !important;}\u00bb][vc_column_inner text_color=\u00bb#ffffff\u00bb][vc_column_text css=\u00bb.vc_custom_1668795554607{margin-bottom: 15px !important;}\u00bb]\n<h4 style=\"text-align: center;\"><strong><span style=\"color: #ffffff;\">Costo Econ\u00f3mico Social:<\/span><\/strong><\/h4>\n[\/vc_column_text][\/vc_column_inner][\/vc_row_inner][\/vc_column][vc_column width=\u00bb1\/2&#8243;][vc_row_inner equal_height=\u00bbyes\u00bb css=\u00bb.vc_custom_1530309726190{background-color: #303d65 !important;}\u00bb][vc_column_inner text_color=\u00bb#ffffff\u00bb][vc_column_text]\n<h4 style=\"text-align: center;\"><span style=\"color: #ffffff;\">Empresariales<\/span><\/h4>\n[\/vc_column_text][\/vc_column_inner][\/vc_row_inner][vc_row_inner equal_height=\u00bbyes\u00bb css=\u00bb.vc_custom_1530310572956{background-color: #77b5c6 !important;}\u00bb][vc_column_inner text_color=\u00bb#ffffff\u00bb][vc_column_text]\n<h4 style=\"text-align: center;\"><span style=\"color: #ffffff;\">9 Requisitos<\/span><\/h4>\n[\/vc_column_text][\/vc_column_inner][\/vc_row_inner][vc_row_inner equal_height=\u00bbyes\u00bb][vc_column_inner text_color=\u00bb#ffffff\u00bb css=\u00bb.vc_custom_1530311154072{background-color: #0475bc !important;}\u00bb][vc_column_text]\n<h4 style=\"text-align: center;\"><span style=\"color: #ffffff;\">7 d\u00edas<\/span><\/h4>\n<h5 style=\"text-align: center;\"><span style=\"color: #ffffff;\">Tiempo de Acumulaci\u00f3n de requisitos<\/span><\/h5>\n[\/vc_column_text][\/vc_column_inner][\/vc_row_inner][vc_row_inner equal_height=\u00bbyes\u00bb][vc_column_inner text_color=\u00bb#ffffff\u00bb css_tabs=\u00bb\u00bb css=\u00bb.vc_custom_1531867674044{background-color: #009a9d !important;}\u00bb][vc_column_text]\n<h4 style=\"text-align: center;\"><span style=\"color: #ffffff;\">24 d\u00edas<\/span><\/h4>\n<h5 style=\"text-align: center;\"><span style=\"color: #ffffff;\">Tiempo de resoluci\u00f3n<\/span><\/h5>\n[\/vc_column_text][\/vc_column_inner][\/vc_row_inner][vc_row_inner equal_height=\u00bbyes\u00bb css=\u00bb.vc_custom_1530311258720{background-color: #ff9900 !important;}\u00bb][vc_column_inner text_color=\u00bb#ffffff\u00bb][vc_column_text]\n<h4 style=\"text-align: center;\"><span style=\"color: #ffffff;\">Tiempo total: 31 d\u00edas<\/span><\/h4>\n[\/vc_column_text][\/vc_column_inner][\/vc_row_inner][vc_row_inner equal_height=\u00bbyes\u00bb css=\u00bb.vc_custom_1530311429255{background-color: #e08a27 !important;}\u00bb][vc_column_inner text_color=\u00bb#ffffff\u00bb][vc_column_text]\n<h4 style=\"text-align: center;\"><span style=\"color: #ffffff;\">5 Funcionarios p\u00fablicos<\/span><\/h4>\n[\/vc_column_text][\/vc_column_inner][\/vc_row_inner][vc_row_inner equal_height=\u00bbyes\u00bb css=\u00bb.vc_custom_1530311825081{background-color: #b91f4b !important;}\u00bb][vc_column_inner text_color=\u00bb#ffffff\u00bb][vc_column_text css=\u00bb.vc_custom_1668795562317{margin-bottom: 15px !important;}\u00bb]\n<h4 style=\"text-align: center;\"><span style=\"color: #ffffff;\">Costo Econ\u00f3mico Social:<\/span><\/h4>\n[\/vc_column_text][\/vc_column_inner][\/vc_row_inner][\/vc_column][\/vc_row][vc_row css=\u00bb.vc_custom_1530312538879{margin-top: 50px !important;}\u00bb][vc_column width=\u00bb1\/3&#8243;][vc_custom_heading text=\u00bbSubsectores econ\u00f3micos\u00bb font_container=\u00bbtag:h2|text_align:left|color:%23000000&#8243; use_theme_fonts=\u00bbyes\u00bb css=\u00bb.vc_custom_1530547312939{margin-bottom: 30px !important;}\u00bb][vc_column_text css=\u00bb.vc_custom_1530547692946{margin-bottom: 50px !important;}\u00bb]De acuerdo con la informaci\u00f3n proporcionada, se detect\u00f3 que los tr\u00e1mites y servicios\u00a0 del Municipio tienen un impacto directo en <b>12 subsectores econ\u00f3micos<\/b>, entre los cuales, el subsector con una mayor frecuencia es \u201c<b>Ciudadano\/Civil\u201d. <\/b>[\/vc_column_text][\/vc_column][vc_column width=\u00bb2\/3&#8243;][vc_round_chart type=\u00bbdoughnut\u00bb style=\u00bbmodern\u00bb stroke_width=\u00bb2&#8243; values=\u00bb%5B%7B%22title%22%3A%22Ciudadano%2FCivil%20-%2073%25%22%2C%22value%22%3A%2273%25%22%2C%22color%22%3A%22blue%22%7D%2C%7B%22title%22%3A%22Servicios%20de%20Apoyo%20a%20los%20Negocios%20-%2011%25%22%2C%22value%22%3A%2211%25%22%2C%22color%22%3A%22turquoise%22%7D%2C%7B%22title%22%3A%22Servicios%20Profesionales%2C%20Cient%C3%ADficos%20y%20T%C3%A9cnicos%20-%206%25%22%2C%22value%22%3A%226%25%22%2C%22color%22%3A%22pink%22%7D%2C%7B%22title%22%3A%22Trabajos%20Especializados%20para%20Construcci%C3%B3n%20-%206%25%22%2C%22value%22%3A%226%25%22%2C%22color%22%3A%22orange%22%2C%22custom_color%22%3A%22%238d6dc4%22%7D%2C%7B%22title%22%3A%22Servicios%20Inmobiliarios%20-%204%25%22%2C%22value%22%3A%224%25%22%2C%22color%22%3A%22violet%22%2C%22custom_color%22%3A%22%234cadc9%22%7D%5D\u00bb][\/vc_column][\/vc_row][vc_row css=\u00bb.vc_custom_1530312538879{margin-top: 50px !important;}\u00bb][vc_column width=\u00bb1\/3&#8243;][vc_custom_heading text=\u00bbTiempos de resoluci\u00f3n\u00bb font_container=\u00bbtag:h2|text_align:left|color:%23000000&#8243; use_theme_fonts=\u00bbyes\u00bb css=\u00bb.vc_custom_1530549621185{margin-bottom: 30px !important;}\u00bb][vc_column_text css=\u00bb.vc_custom_1530549654969{margin-bottom: 50px !important;}\u00bb]Se identific\u00f3 que <b>67%<\/b> de los tr\u00e1mites y servicios se resuelven en <b>menos de 30 d\u00edas<\/b>.[\/vc_column_text][\/vc_column][vc_column width=\u00bb2\/3&#8243;][vc_round_chart style=\u00bbmodern\u00bb stroke_width=\u00bb2&#8243; values=\u00bb%5B%7B%22title%22%3A%22Resoluci%C3%B3n%20en%20el%20mismo%20d%C3%ADa%20-%2029%25%22%2C%22value%22%3A%2229%25%22%2C%22color%22%3A%22blue%22%7D%2C%7B%22title%22%3A%22M%C3%A1s%20de%201%20d%C3%ADa%20pero%20menos%20de%201%20mes%20-%2038%25%22%2C%22value%22%3A%2238%25%22%2C%22color%22%3A%22turquoise%22%7D%2C%7B%22title%22%3A%22M%C3%A1s%20de%201%20mes%20pero%20menos%20de%206%20meses%20-%2033%25%22%2C%22value%22%3A%2233%25%22%2C%22color%22%3A%22pink%22%7D%2C%7B%22title%22%3A%226%20meses%20o%20m%C3%A1s%20-%200%25%22%2C%22value%22%3A%220%25%22%2C%22color%22%3A%22orange%22%2C%22custom_color%22%3A%22%238d6dc4%22%7D%5D\u00bb][\/vc_column][\/vc_row]\n","protected":false},"excerpt":{"rendered":"<p>[vc_row][vc_column][vc_column_text css=\u00bb.vc_custom_1531151877419{margin-bottom: 15px !important;}\u00bb] Los Datos que se presentan a continuaci\u00f3n, derivan de una evaluaci\u00f3n a la que se someti\u00f3 el Municipio de Corregidora, con la finalidad de tener un panorama general de la tramitolog\u00eda en el Municipio, dicho diagn\u00f3stico fue elaborado por la Comisi\u00f3n Federal de Mejora Regulatoria (COFEMER), ahora Comisi\u00f3n Nacional de Mejora [&hellip;]<\/p>\n","protected":false},"author":2,"featured_media":0,"parent":0,"menu_order":0,"comment_status":"closed","ping_status":"closed","template":"template-fullwidth.php","meta":{"_bbp_topic_count":0,"_bbp_reply_count":0,"_bbp_total_topic_count":0,"_bbp_total_reply_count":0,"_bbp_voice_count":0,"_bbp_anonymous_reply_count":0,"_bbp_topic_count_hidden":0,"_bbp_reply_count_hidden":0,"_bbp_forum_subforum_count":0,"footnotes":""},"class_list":["post-3961","page","type-page","status-publish","hentry"],"_links":{"self":[{"href":"https:\/\/corregidora.gob.mx\/cmmer\/wp-json\/wp\/v2\/pages\/3961","targetHints":{"allow":["GET"]}}],"collection":[{"href":"https:\/\/corregidora.gob.mx\/cmmer\/wp-json\/wp\/v2\/pages"}],"about":[{"href":"https:\/\/corregidora.gob.mx\/cmmer\/wp-json\/wp\/v2\/types\/page"}],"author":[{"embeddable":true,"href":"https:\/\/corregidora.gob.mx\/cmmer\/wp-json\/wp\/v2\/users\/2"}],"replies":[{"embeddable":true,"href":"https:\/\/corregidora.gob.mx\/cmmer\/wp-json\/wp\/v2\/comments?post=3961"}],"version-history":[{"count":8,"href":"https:\/\/corregidora.gob.mx\/cmmer\/wp-json\/wp\/v2\/pages\/3961\/revisions"}],"predecessor-version":[{"id":3973,"href":"https:\/\/corregidora.gob.mx\/cmmer\/wp-json\/wp\/v2\/pages\/3961\/revisions\/3973"}],"wp:attachment":[{"href":"https:\/\/corregidora.gob.mx\/cmmer\/wp-json\/wp\/v2\/media?parent=3961"}],"curies":[{"name":"wp","href":"https:\/\/api.w.org\/{rel}","templated":true}]}}