{"id":3909,"date":"2022-11-11T20:25:55","date_gmt":"2022-11-11T20:25:55","guid":{"rendered":"https:\/\/www.corregidora.gob.mx\/unmertest\/?page_id=3909"},"modified":"2024-05-09T16:20:02","modified_gmt":"2024-05-09T22:20:02","slug":"queja-inspecciones","status":"publish","type":"page","link":"https:\/\/corregidora.gob.mx\/cmmer\/queja-inspecciones\/","title":{"rendered":"Queja en tramitolog\u00eda\/Inspecciones"},"content":{"rendered":"[vc_row gap=\u00bb50&#8243;][vc_column]\n<div class=\"wpcf7 no-js\" id=\"wpcf7-f3908-o1\" lang=\"en-US\" dir=\"ltr\">\n<div class=\"screen-reader-response\"><p role=\"status\" aria-live=\"polite\" aria-atomic=\"true\"><\/p> <ul><\/ul><\/div>\n<form action=\"\/cmmer\/wp-json\/wp\/v2\/pages\/3909#wpcf7-f3908-o1\" method=\"post\" class=\"wpcf7-form init\" aria-label=\"Contact form\" novalidate=\"novalidate\" data-status=\"init\">\n<div style=\"display: none;\">\n<input type=\"hidden\" name=\"_wpcf7\" value=\"3908\" \/>\n<input type=\"hidden\" name=\"_wpcf7_version\" value=\"5.7.4\" \/>\n<input type=\"hidden\" name=\"_wpcf7_locale\" value=\"en_US\" \/>\n<input type=\"hidden\" name=\"_wpcf7_unit_tag\" value=\"wpcf7-f3908-o1\" \/>\n<input type=\"hidden\" name=\"_wpcf7_container_post\" value=\"0\" \/>\n<input type=\"hidden\" name=\"_wpcf7_posted_data_hash\" value=\"\" \/>\n<\/div>\n<p><label> NOMBRE COMPLETO<br \/>\n<span class=\"wpcf7-form-control-wrap\" data-name=\"your-name\"><input size=\"40\" class=\"wpcf7-form-control wpcf7-text wpcf7-validates-as-required\" aria-required=\"true\" aria-invalid=\"false\" value=\"\" type=\"text\" name=\"your-name\" \/><\/span> <\/label>\n<\/p>\n<p><label> DOMICILIO<br \/>\n<span class=\"wpcf7-form-control-wrap\" data-name=\"Domicilio\"><input size=\"40\" class=\"wpcf7-form-control wpcf7-text wpcf7-validates-as-required\" aria-required=\"true\" aria-invalid=\"false\" value=\"\" type=\"text\" name=\"Domicilio\" \/><\/span> <\/label>\n<\/p>\n<p><label> CIUDAD<br \/>\n<span class=\"wpcf7-form-control-wrap\" data-name=\"Ciudad\"><input size=\"40\" class=\"wpcf7-form-control wpcf7-text wpcf7-validates-as-required\" aria-required=\"true\" aria-invalid=\"false\" value=\"\" type=\"text\" name=\"Ciudad\" \/><\/span> <\/label>\n<\/p>\n<p><label> CORREO ELECTR\u00d3NICO<br \/>\n<span class=\"wpcf7-form-control-wrap\" data-name=\"your-email\"><input size=\"40\" class=\"wpcf7-form-control wpcf7-text wpcf7-email wpcf7-validates-as-required wpcf7-validates-as-email\" aria-required=\"true\" aria-invalid=\"false\" value=\"\" type=\"email\" name=\"your-email\" \/><\/span> <\/label>\n<\/p>\n<p><label> TEL\u00c9FONO<br \/>\n<span class=\"wpcf7-form-control-wrap\" data-name=\"tel-303\"><input size=\"40\" class=\"wpcf7-form-control wpcf7-text wpcf7-tel wpcf7-validates-as-tel\" aria-invalid=\"false\" value=\"\" type=\"tel\" name=\"tel-303\" \/><\/span> <\/label>\n<\/p>\n<p><label> MOTIVO<br \/>\n<span class=\"wpcf7-form-control-wrap\" data-name=\"your-subject\"><input size=\"40\" class=\"wpcf7-form-control wpcf7-text wpcf7-validates-as-required\" aria-required=\"true\" aria-invalid=\"false\" value=\"\" type=\"text\" name=\"your-subject\" \/><\/span> <\/label>\n<\/p>\n<p><label> DATOS DE LA QUEJA: Describa de forma pormenorizada los hechos que motivan su queja o denuncia, especificando la fecha y hora en que sucedieron, el lugar donde ocurrieron y la forma en c\u00f3mo se fueron desarrollando.<br \/>\n<span class=\"wpcf7-form-control-wrap\" data-name=\"your-message\"><textarea cols=\"40\" rows=\"10\" class=\"wpcf7-form-control wpcf7-textarea wpcf7-validates-as-required\" aria-required=\"true\" aria-invalid=\"false\" name=\"your-message\"><\/textarea><\/span> <\/label>\n<\/p>\n<p><label> IDENTIFIQUE CUAL(ES) DE LAS SIGUIENTES ACCIONES REALIZ\u00d3 EL SERVIDOR P\u00daBLICO EN EL MOMENTO DE LOS HECHOS:<br \/>\n<span class=\"wpcf7-form-control-wrap\" data-name=\"checkbox-105\"><span class=\"wpcf7-form-control wpcf7-checkbox\"><span class=\"wpcf7-list-item first\"><label><input type=\"checkbox\" name=\"checkbox-105[]\" value=\"Se solicita un requisito que no est\u00e1 en la Ficha de Tr\u00e1mite publicada en el portal\" \/><span class=\"wpcf7-list-item-label\">Se solicita un requisito que no est\u00e1 en la Ficha de Tr\u00e1mite publicada en el portal<\/span><\/label><\/span><span class=\"wpcf7-list-item\"><label><input type=\"checkbox\" name=\"checkbox-105[]\" value=\"Se neg\u00f3 a recibir el tr\u00e1mite en el formato estipulado en el Portal\" \/><span class=\"wpcf7-list-item-label\">Se neg\u00f3 a recibir el tr\u00e1mite en el formato estipulado en el Portal<\/span><\/label><\/span><span class=\"wpcf7-list-item\"><label><input type=\"checkbox\" name=\"checkbox-105[]\" value=\"Se neg\u00f3 a informar en la Ficha de Tr\u00e1mite que se requiere de inspecci\u00f3n\" \/><span class=\"wpcf7-list-item-label\">Se neg\u00f3 a informar en la Ficha de Tr\u00e1mite que se requiere de inspecci\u00f3n<\/span><\/label><\/span><span class=\"wpcf7-list-item\"><label><input type=\"checkbox\" name=\"checkbox-105[]\" value=\"Se neg\u00f3 a respetar los criterios de resoluci\u00f3n de la Ficha de Tr\u00e1mite\" \/><span class=\"wpcf7-list-item-label\">Se neg\u00f3 a respetar los criterios de resoluci\u00f3n de la Ficha de Tr\u00e1mite<\/span><\/label><\/span><span class=\"wpcf7-list-item\"><label><input type=\"checkbox\" name=\"checkbox-105[]\" value=\"Fue omiso en especificar las oficinas d\u00f3nde se puede realizar el tr\u00e1mite\" \/><span class=\"wpcf7-list-item-label\">Fue omiso en especificar las oficinas d\u00f3nde se puede realizar el tr\u00e1mite<\/span><\/label><\/span><span class=\"wpcf7-list-item\"><label><input type=\"checkbox\" name=\"checkbox-105[]\" value=\"Las oficinas donde se realiza el tr\u00e1mite no cumplen el horario de trabajo\" \/><span class=\"wpcf7-list-item-label\">Las oficinas donde se realiza el tr\u00e1mite no cumplen el horario de trabajo<\/span><\/label><\/span><span class=\"wpcf7-list-item\"><label><input type=\"checkbox\" name=\"checkbox-105[]\" value=\"Fue omiso en se\u00f1alar tel\u00e9fonos de atenci\u00f3n\" \/><span class=\"wpcf7-list-item-label\">Fue omiso en se\u00f1alar tel\u00e9fonos de atenci\u00f3n<\/span><\/label><\/span><span class=\"wpcf7-list-item\"><label><input type=\"checkbox\" name=\"checkbox-105[]\" value=\"La l\u00ednea telef\u00f3nica del responsable del tr\u00e1mite no se contesta\" \/><span class=\"wpcf7-list-item-label\">La l\u00ednea telef\u00f3nica del responsable del tr\u00e1mite no se contesta<\/span><\/label><\/span><span class=\"wpcf7-list-item last\"><label><input type=\"checkbox\" name=\"checkbox-105[]\" value=\"Inspecci\u00f3n\/Verificaci\u00f3n\" \/><span class=\"wpcf7-list-item-label\">Inspecci\u00f3n\/Verificaci\u00f3n<\/span><\/label><\/span><\/span><\/span> <\/label>\n<\/p>\n<p>DATOS DEL SERVIDOR P\u00daBLICO<br \/>\n<label> Nombre(s) de servidor(es) p\u00fablico(s)<br \/>\n<span class=\"wpcf7-form-control-wrap\" data-name=\"ServidorPublico\"><input size=\"40\" class=\"wpcf7-form-control wpcf7-text\" aria-invalid=\"false\" value=\"\" type=\"text\" name=\"ServidorPublico\" \/><\/span><\/label>\n<\/p>\n<p><label> Dependencia(s) involucrada(s)<br \/>\n<span class=\"wpcf7-form-control-wrap\" data-name=\"Dependencias\"><input size=\"40\" class=\"wpcf7-form-control wpcf7-text\" aria-invalid=\"false\" value=\"\" type=\"text\" name=\"Dependencias\" \/><\/span><\/label>\n<\/p>\n<p><label> Tramite realizado:<br \/>\n<span class=\"wpcf7-form-control-wrap\" data-name=\"tramite\"><input size=\"40\" class=\"wpcf7-form-control wpcf7-text wpcf7-validates-as-required\" aria-required=\"true\" aria-invalid=\"false\" value=\"\" type=\"text\" name=\"tramite\" \/><\/span><\/label>\n<\/p>\n<p><label> Describa las caracter\u00edsticas f\u00edsicas del o los servidores p\u00fablicos involucrados:<br \/>\n<span class=\"wpcf7-form-control-wrap\" data-name=\"descripcion\"><textarea cols=\"40\" rows=\"10\" class=\"wpcf7-form-control wpcf7-textarea\" aria-invalid=\"false\" name=\"descripcion\"><\/textarea><\/span><\/label>\n<\/p>\n<p><input class=\"wpcf7-form-control has-spinner wpcf7-submit\" type=\"submit\" value=\"Enviar\" \/>\n<\/p><div class=\"wpcf7-response-output\" aria-hidden=\"true\"><\/div>\n<\/form>\n<\/div>\n[\/vc_column][\/vc_row]\n","protected":false},"excerpt":{"rendered":"<p>[vc_row gap=\u00bb50&#8243;][vc_column][\/vc_column][\/vc_row]<\/p>\n","protected":false},"author":2,"featured_media":0,"parent":0,"menu_order":0,"comment_status":"closed","ping_status":"closed","template":"template-fullwidth.php","meta":{"_bbp_topic_count":0,"_bbp_reply_count":0,"_bbp_total_topic_count":0,"_bbp_total_reply_count":0,"_bbp_voice_count":0,"_bbp_anonymous_reply_count":0,"_bbp_topic_count_hidden":0,"_bbp_reply_count_hidden":0,"_bbp_forum_subforum_count":0,"footnotes":""},"class_list":["post-3909","page","type-page","status-publish","hentry"],"_links":{"self":[{"href":"https:\/\/corregidora.gob.mx\/cmmer\/wp-json\/wp\/v2\/pages\/3909","targetHints":{"allow":["GET"]}}],"collection":[{"href":"https:\/\/corregidora.gob.mx\/cmmer\/wp-json\/wp\/v2\/pages"}],"about":[{"href":"https:\/\/corregidora.gob.mx\/cmmer\/wp-json\/wp\/v2\/types\/page"}],"author":[{"embeddable":true,"href":"https:\/\/corregidora.gob.mx\/cmmer\/wp-json\/wp\/v2\/users\/2"}],"replies":[{"embeddable":true,"href":"https:\/\/corregidora.gob.mx\/cmmer\/wp-json\/wp\/v2\/comments?post=3909"}],"version-history":[{"count":3,"href":"https:\/\/corregidora.gob.mx\/cmmer\/wp-json\/wp\/v2\/pages\/3909\/revisions"}],"predecessor-version":[{"id":6205,"href":"https:\/\/corregidora.gob.mx\/cmmer\/wp-json\/wp\/v2\/pages\/3909\/revisions\/6205"}],"wp:attachment":[{"href":"https:\/\/corregidora.gob.mx\/cmmer\/wp-json\/wp\/v2\/media?parent=3909"}],"curies":[{"name":"wp","href":"https:\/\/api.w.org\/{rel}","templated":true}]}}